en c is divided by 7.
6
Suppose -2*m = -20 - 2. Let k = 14 + m. What is the remainder when k is divided by 14?
11
Let g = -9 + 10. Let k = 13 - 7. Let u(d) = -d**3 + 7*d**2 - 5*d - 5. What is the remainder when g is divided by u(k)?
0
Let u be 0*(2 - 10/6). Suppose 2*f + 2*f - 8 = u. Suppose 0 = -5*j - 5*c + 15, 3*j - 4 - 12 = 4*c. Calculate the remainder when j is divided by f.
0
Suppose 0 = 2*p - 4*v - 4, -2*p + 7 = v + 3. What is the remainder when p is divided by 2?
0
What is the remainder when 44 is divided by (2/(-3))/((-1)/39)?
18
Let l(t) = -t**2 - 18*t - 12. Calculate the remainder when l(-13) is divided by 27.
26
Let c(b) = -b**2 + 7*b - 1. Suppose -4*w = -3*r - 27, 0 = r - 2*r - 5. Suppose -3*g + 50 = -13. Calculate the remainder when g is divided by c(w).
10
Let b = -134 + 96. Let m = b - -58. Calculate the remainder when m is divided by 7.
6
Suppose -54 = 2*j + 2*z, -46 = 2*j + z - 3*z. Let b = 42 + j. What is the remainder when b is divided by 9?
8
Let m(d) = -d**3 + 3*d**2 + 9*d - 6. Suppose 3*y = 2*p - 42 - 27, 0 = -p + 3*y + 30. What is the remainder when p is divided by m(4)?
11
Suppose -2*p = -128 + 36. Calculate the remainder when p is divided by 24.
22
Calculate the remainder when (-6)/27 - 728/(-36) is divided by 7.
6
Suppose 68*i + 51 = 71*i. Calculate the remainder when 116 is divided by i.
14
Let y(n) = n**3 - n**2 - 3. Suppose -2*l = 3*l - 15. Calculate the remainder when y(l) is divided by 8.
7
Let t = 22 + -15. What is the remainder when (3 - -11) + -1*1 is divided by t?
6
Let k(r) = -r**3 + 63*r**2 - 179*r + 37. Calculate the remainder when k(60) is divided by (-77)/(-3) + 2/(-3).
22
Suppose 0 = -2*t - 0*t + 4*g + 30, -4*t = 3*g - 16. Calculate the remainder when 13 is divided by t.
6
What is the remainder when 61 + 8 - (-1 - -1) is divided by 18?
15
Let p be (-6)/4*(-7 + 5). Let g be p + 0*(-2 - -1). Suppose -2*j = g*o - 4*j - 80, 2*o + 4*j = 32. Calculate the remainder when o is divided by 13.
11
Let b(v) = 2*v**2 + 2*v - 5. Calculate the remainder when 94 is divided by b(-4).
18
Let u be 5 - (-2)/(-4)*2. Let b(v) = -v**2 + 13*v - 12. Let o be b(12). Let l = u - o. What is the remainder when 5 is divided by l?
1
Suppose y - 19 = 4*g, 21 = 4*y - y - 3*g. Suppose -2*a = -3 - y. Calculate the remainder when 3 is divided by a.
0
Let b(r) = r**2 + 6*r - 3. What is the remainder when 9 is divided by b(-7)?
1
Let j = 50 - 48. What is the remainder when 5 is divided by j?
1
Let g be ((-2)/7)/(1/(-7)). Suppose a = g*a - 4. Suppose -h - 3*j = -j + 2, a*j + 16 = 4*h. Calculate the remainder when 4 is divided by h.
0
Let n = 260 + -173. Calculate the remainder when n is divided by 18.
15
Let s = 52 - 32. Suppose 3*y - s = -2*y, 4*f - 56 = -y. Suppose 0 = j - 28 + 3. What is the remainder when j is divided by f?
12
Let k(u) = -2*u - 9. Let l(s) = -s**2 + 7*s + 2. Let q be l(8). Let b be k(q). Suppose 0 = 2*i + b - 23. What is the remainder when 19 is divided by i?
9
Suppose -d = -3*o + 2*o + 11, d - 31 = -5*o. Let q = o - -8. What is the remainder when (44/(-3))/((-1)/3) is divided by q?
14
What is the remainder when 1778/42 - (0 - 2/3) is divided by 12?
7
Let v be 1*2*(-10)/(-4). Suppose o - v*i = 7 - 22, 3*i = -5*o + 9. Suppose 2*d - 2 = -o*d. What is the remainder when d is divided by 1?
0
Calculate the remainder when 50*7/(140/8) is divided by 11.
9
Suppose d + 3*j - 48 = -j, -j = -2*d + 60. Calculate the remainder when d is divided by 17.
15
Suppose -3*n = -4*f - 13, 0 = -0*n + 3*n + 2*f - 43. Let z = 90 + -60. Calculate the remainder when z is divided by n.
8
Let m be (-78)/(-21) + (-4)/(-14). Suppose -5*h - 15 = -3*v + 8, 0 = v - m*h - 10. What is the remainder when 16 is divided by v?
4
Suppose 2*h - 99 = 45. Suppose 2*i - h = 2*k, -2*k + 57 = 2*i + k. What is the remainder when i is divided by 12?
9
Let w = 4 + -2. Suppose 3*k = -4*j - 2*k + 51, w*j + 5*k - 23 = 0. What is the remainder when (j/3)/(16/24) is divided by 3?
1
Suppose 0 = -g + 3*g. Suppose g = p - 1 - 4. What is the remainder when 13 is divided by p?
3
Suppose -3*h - 2 = -b - 24, -2*h = 4*b - 24. Let d = h + 0. What is the remainder when d is divided by 3?
2
Let y(o) = o**3 - o**2. Let l(n) = n**3 - 7*n**2 - n + 4. Let w(b) = l(b) - 3*y(b). Calculate the remainder when w(-4) is divided by 25.
22
Suppose 2*a + 63 = 5*g, -40 = -6*g + 2*g - a. Suppose k + 2*k - 132 = 0. Let j = k + -13. Calculate the remainder when j is divided by g.
9
Suppose -c = -3*o + 3, -4*c + 37 = -3*c + 5*o. Calculate the remainder when 43 is divided by c.
7
Suppose 0 = -0*u + u + 5*a + 10, u - 5*a = -10. What is the remainder when 58/10 + (-2)/u is divided by 2?
0
Suppose -6*i + 36 = -2*i. Let o(p) = p**2 - 7*p + 6. What is the remainder when o(9) is divided by i?
6
Let j be -3 + (6 - (-2 - -3)). Suppose u + 7 = 2*p - 1, j*p = -u + 8. Calculate the remainder when 2*(-7)/2*-1 is divided by p.
3
What is the remainder when 63 is divided by 2/(-4)*4 - -24?
19
Let o(i) = -i**3 + 6*i**2 + 2*i + 7. Calculate the remainder when 35 is divided by o(6).
16
Suppose -33*b = -36*b + 102. What is the remainder when 133 is divided by b?
31
Let a = 73 + -28. Let j = a - -8. Calculate the remainder when j is divided by 14.
11
Let w = -2 + 4. Suppose -w*q = -g - 70, -3*q - 5*g = 2*q - 145. What is the remainder when q is divided by 9?
6
Let g be 0 + (6 - 1 - 2). Suppose -10 - 32 = g*y. Let i = 28 + y. Calculate the remainder when i is divided by 5.
4
Let y = 53 - 24. Suppose 0*f - f + y = 0. What is the remainder when f is divided by 5/(-15) - 92/(-6)?
14
Let u(a) = 2*a**2 + 5*a**2 - 2*a + 8*a**2 - a - 1. Suppose 3*n - 22 = 2*n. What is the remainder when u(-2) is divided by n?
21
Let j(x) = x**3 + x**2 - x + 1. Let r be j(0). Suppose -17 - r = -d. Let p = 17 + 36. What is the remainder when p is divided by d?
17
Let t = -41 + 57. Calculate the remainder when 19 is divided by t.
3
Suppose 5*w + 77 = 2*o + 2*o, 4*o + w = 71. Let h(n) = 29*n + 22. What is the remainder when h(1) is divided by o?
15
Suppose 3*u - 27 = 2*h, -12 = h - 4*u + 4. Let g = h - -33. What is the remainder when g is divided by 8?
5
Let f(o) = o**2 + 4*o + 7. Calculate the remainder when 59 is divided by f(-4).
3
Let o = -453 + 673. Suppose -o = -2*j - 2*j. Suppose -158 - j = -5*t - r, 201 = 5*t - 3*r. Calculate the remainder when t is divided by 15.
12
Let o = 10 - 5. Suppose 40 = -5*x - o*y, -7 = -x + y + y. Calculate the remainder when (x - -1)*(-23)/2 is divided by 6.
5
Suppose 0 = k - 95 + 27. What is the remainder when k is divided by 23?
22
Let i(w) = -w**3 + 10*w**2 - 3*w - 13. Let j be (1 - 0/3)/1. Suppose 3*m - j = 26. What is the remainder when i(m) is divided by 14?
13
Let n be (-46)/(-14) - (-18)/(-63). Suppose 40 = n*i + 3*j - 17, 3*j = -5*i + 85. What is the remainder when i is divided by (-1)/(-1 + (-4)/(-5))?
4
Let o = -48 - -69. Calculate the remainder when 38 is divided by o.
17
Suppose -5 = -u - 1. Suppose 62 = -u*p + 290. What is the remainder when p is divided by 15?
12
Suppose -4*a = h + 2*h - 18, -5*h = -4*a - 30. Suppose m + 75 = h*m. Suppose -d + 7 = 2*y + y, -y - m = -4*d. What is the remainder when 10 is divided by d?
2
Let l(a) = a**3 - 10*a**2 + 27*a - 15. Calculate the remainder when 3 is divided by l(6).
0
Let l = 17 - 6. Suppose m + 2*m = 96. What is the remainder when m is divided by l?
10
Suppose 0 = -5*d + 254 + 111. Calculate the remainder when d is divided by 19.
16
Suppose 0*f - 3*v + 92 = 5*f, 3*f - 4*v - 32 = 0. What is the remainder when f is divided by (13/4 - 1)*4?
7
Suppose 2*c - 14 = 28. What is the remainder when c is divided by 12?
9
What is the remainder when 81/4 - 24/(-32) is divided by 5?
1
Suppose 0*c = -c + 5. Calculate the remainder when 8 is divided by c.
3
Suppose -4*y = 3*w - 10, 0*w - 4*y = -5*w + 6. Suppose -157 = -4*u - 5*m, 0*u + w*m = -2*u + 78. What is the remainder when u is divided by 13?
12
Let n(v) = -3*v + 72. What is the remainder when n(0) is divided by 15?
12
Let y = 11 - 7. Calculate the remainder when y is divided by 2.
0
Suppose -5*a + 24 = 4. Suppose -a*t + 10 = -6. What is the remainder when (0 + 1)*10 + 0 is divided by t?
2
Suppose 5*s = 15, 2*k - 89 = -13*s + 10*s. Calculate the remainder when k is divided by ((-1)/(-2))/(1/42).
19
Let w(y) = -y**2